Let o = -99 - -245. Let z = g - o. Is z composite?
False
Let p = -67595 + 103437. Is p composite?
True
Suppose -7 + 21 = 7*a. Suppose 4*u = -a*u + 6324. Let j = u - 233. Is j composite?
False
Let g(y) = -6*y - 47. Let n be g(-9). Suppose n*f - 20969 = -2797. Let q = f + -1565. Is q a composite number?
False
Suppose -5*y - 4*v + 1593 = 0, 2*v - 657 = -2*y + 7*v. Is y prime?
False
Let k = 2863 + 285. Suppose 61*x = 65*x - k. Is x composite?
False
Suppose 28*k - 1048053 + 39325 = 0. Is k composite?
True
Let q = 59678 + 185549. Is q prime?
False
Suppose -5*v - 203 = -3*o + 51, 2*o - 3*v = 168. Suppose -s + o = -371. Is s a composite number?
False
Is (5 - (6 + -306148)) + (-25)/5 + 1 composite?
True
Let f(z) = 15878*z + 3677. Is f(14) prime?
False
Let w(o) = -o**3 - o + 5120. Let y be w(0). Let b = 13883 - y. Let l = b - 5744. Is l a prime number?
True
Suppose -d - 883 = -5*m - 0*m, -5*d - 4415 = -4*m. Let g = d + 197. Let i = 1087 + g. Is i prime?
True
Let c be 2*(-3)/(-12) + (-5)/10. Suppose -o + 3 - 1 = c. Suppose 3*n = -o*i - n + 1490, 3725 = 5*i + 2*n. Is i composite?
True
Is 57 + -39 + 64436/4 a composite number?
False
Let h(n) = 93*n**2 + 38 - 1484*n**3 + 100*n**2 - 197*n**2 - 10 + 5*n. Is h(-3) a prime number?
False
Let i = -600 - -862. Suppose 7*a - 459 = i. Suppose -2*r - 382 = -4*v, 3*r = v + 5*r - a. Is v prime?
True
Let t(u) = -u + 15. Let a be t(6). Suppose 12 = 3*b, -4*b = -l - a*b + 29. Suppose l*z - 1512 - 1341 = 0. Is z a composite number?
False
Let u(j) = j - 213*j**2 - 184*j**3 - 102*j**3 + 215*j**2. Let c = 0 - 1. Is u(c) prime?
False
Let n be (11/((-99)/(-225378)))/(-2). Let h = n - -26580. Is h a prime number?
False
Suppose 0 = -0*g + 9*g - 21717. Let p = 2299 + g. Suppose 2*j = -5*b + 1398, -1163 = 5*j - b - p. Is j prime?
True
Suppose 15655 = 5*d - 4*k, 4*d = -d + k + 15655. Suppose -11*v = -2241 + 17113. Let s = d + v. Is s a prime number?
False
Let v(g) = g**2 - 19*g + 83. Let o be v(13). Suppose r - 2736 = -17*j + 12*j, -10969 = -4*r + o*j. Is r composite?
False
Suppose -x - 4*u + 44435 = 0, 4*u - 88852 = -2*x - u. Is x prime?
False
Suppose -4*j + 2488 = 2*o, 2*j = -j + 9. Suppose o - 42 = -13*i. Let m = i + 241. Is m composite?
False
Let h be (-57 - -25)/((-1)/(-2)). Let n = h + 52. Is (-1 - 2 - 1)*1473/n a prime number?
True
Suppose -5*x = -2*s + 4150, -3*s = s - x - 8282. Suppose 3*w - 9807 + s = 0. Is w composite?
False
Suppose -3*k - k - 13 = 3*i, -3*i - 14 = 5*k. Is k/(((-2)/(-3))/((-156820)/30)) a composite number?
False
Let i be 2/((-4)/10 + 6/(-60)). Let y(s) = -s**3 - 6*s**2 - 7*s + 7. Let k be y(i). Suppose -g - k*q + 2007 = 581, 5*g + q - 7060 = 0. Is g a prime number?
False
Let c be (985/(-4))/((-2)/(-16)). Let j be 24/3 + -18 + 11. Is ((-5)/10)/(j/c) composite?
True
Let j be 142/213 + (-7)/(-3). Let n = 66384 - 47036. Suppose -n = -j*p - p. Is p a prime number?
False
Let y(b) = 285*b**2 - 82*b + 1527. Is y(-58) a composite number?
False
Is (-160)/224 + (-1754412)/(-42) prime?
True
Suppose -y + 69 = -0*y. Let t = y + 378. Suppose 409 + t = 4*k. Is k a composite number?
True
Is (-470)/141 + 299613/9 prime?
True
Let c = -251 + 254. Suppose -z + 377 = -3*y, -4*z + c*y + 1433 = 6*y. Is z composite?
True
Suppose 0*p + 6 = 2*p. Suppose -2*b - 8 = -3*f, p*f = -5*b - 0*b - 20. Suppose 4*m + 4*x = -f*x + 336, 5*x + 114 = m. Is m a composite number?
False
Suppose 0 = -c - 2, 4*n + 13814 = 8*n + 5*c. Let m be (21/(-9))/(-1)*-771. Let z = n + m. Is z prime?
True
Suppose -106 = -2*q + 2*m, -6*q + 3*m + 55 = -5*q. Is (1/(10/q))/((-20)/(-22850)) a prime number?
False
Let k(r) = -16*r + 35 + 6*r - 21*r - 16*r. Is k(-6) prime?
True
Suppose 0 = -3*b + 16 - 1. Suppose -6*u = -b*u - 2. Suppose 0 = -u*t + 439 + 135. Is t composite?
True
Let o(r) = -r**3 + r**2 + 9*r - 3. Suppose -3*i + 3*u = 0, -i = i - u - 4. Suppose 2*p = -2*t - 22, t + i = -0*t. Is o(p) a prime number?
False
Let q be (-3)/6*(-3 + (-1 - 0)). Let c(g) = -1 + 3 + g - q*g**2 + 124*g**3 - 544*g**3. Is c(-1) a composite number?
False
Let f(c) = -10 + 20*c**2 - 8 + c**3 + 2*c + 2*c. Let p(u) = -19*u**2 + 10*u + 12. Let y be p(-1). Is f(y) a composite number?
True
Let t = 40 - 33. Suppose 10*b = t*b + 10716. Let y = b - 2011. Is y composite?
True
Suppose -w + 2*x = 15553, -7*x + 62192 = -4*w - 4*x. Let f = -10962 - w. Is f prime?
True
Let y(h) = h**3 + 2*h**2 + 2. Let v be y(-2). Suppose 20*s + 3 = 31*s - 8. Is v/(-10) + s + (-25142)/(-10) composite?
True
Let b(r) = 43*r**2 + 76*r + 2567. Is b(82) prime?
True
Let j = 171 - 173. Is 443/(-10)*j - (-4)/10 a composite number?
False
Let c be (((-32)/12)/1)/(1/(-84)). Let t = c - -106. Suppose -r + 139 = -t. Is r composite?
True
Suppose 76*z = 37*z - 61*z + 1855300. Is z composite?
False
Is -9 - ((-7712198)/26 + -13) prime?
True
Suppose 50*y = 54*y - 8. Suppose -3*p = y*l - 12058, -2*l - 2*l + 5*p = -24116. Is l prime?
True
Let v = -244 - -254. Is (1357 - v)*(-2)/(-6) a prime number?
True
Let u be 1617*(0 - -5 - 84/18). Suppose 3*g - 125 = 3*w - 41, 0 = -4*w - 8. Let t = g + u. Is t composite?
True
Suppose 333*o + 373*o - 1798983 = 679*o. Is o prime?
True
Let z(q) = -6*q - 37. Let k be z(-11). Suppose -32*o = -k*o - 1443. Is o prime?
False
Let j(z) = 7*z**2 + 6*z - 8. Let x be -1 - (-10)/(-1)*6/(-12). Let r be j(x). Let i = r - -429. Is i a prime number?
True
Suppose -17 = 3*v + 7. Let g be 4857 - v/(-6)*-3. Suppose 4493 = 6*t - g. Is t prime?
True
Let q be (-3965)/366 + 2/(-12). Let y(w) = -8*w**3 - 23*w**2 + 25*w + 19. Is y(q) prime?
False
Is (837028/18)/2 - (-2264)/10188 prime?
True
Let d = 3 - 18. Suppose 0 = 30*g - 35*g - 25. Is g/(-25) - 2352/d a composite number?
False
Let l(y) = -42*y - 19. Suppose 0 = -z + 3*z + 2. Let a be 6/z - (-2)/2*-2. Is l(a) prime?
True
Let p(l) = -2*l**3 - 34*l**2 - l - 13. Let f be p(-17). Suppose -3*c = -f*c - a + 1734, -4 = -4*a. Is c prime?
True
Suppose -3*h + 2*t + t = 1962, t - 3282 = 5*h. Let m be ((-60)/18)/((-2)/h). Is 0 + -2 + -2*m/10 composite?
True
Let y = 38597 - -455408. Is y prime?
False
Let i(l) = 17 - l - 9*l**2 + 5*l**2 + l. Let d be i(12). Let s = d + 1122. Is s prime?
True
Let m be (-482122)/(-14) + (-146)/511. Let p = m + -16586. Is p composite?
False
Let z = 330 + -187. Suppose -a - z = 115. Let s = 469 + a. Is s a prime number?
True
Let k be 156 + 2*(-6)/3. Let b = 344 - k. Suppose 2*q + 4*r = 298, -b = -3*q + 3*r + 255. Is q a prime number?
True
Let g = -340 - 8100. Let q = -4749 - g. Is q composite?
False
Suppose 43*p - 24*p = 152. Suppose -203754 = 2*l - p*l. Is l composite?
True
Let n(h) = -3*h**3 + 319*h**2 - 21*h + 168. Is n(101) prime?
True
Suppose 3*z - 12 = 0, 7*z + 12 = j + 8*z. Is (j + (-2 - -8347))/1 prime?
True
Suppose 4*r = -3*z + 369923, -5*z - 108*r = -105*r - 616520. Is z prime?
False
Let n(k) = k**2 + 41*k - 324. Let m be n(6). Is (26612/14)/((-6 + 0)/m) a prime number?
False
Suppose -4*a = 3*o + 2*o - 39, -5*o = -3*a - 32. Let u(j) = j**2 - 7*j - 1. Let p be u(o). Let m(h) = 122*h**2 + 3*h + 2. Is m(p) prime?
False
Suppose -62*d - 3*t = -60*d - 27320, 5*d = 2*t + 68262. Is d a composite number?
True
Let d be 6/8 - (7 + 135/(-12)). Suppose -d*b = -5*i - 16270, 0 = i - 2. Suppose -8*t = -4576 - b. Is t a prime number?
False
Suppose 87 = 3*l - 183. Suppose -l = -0*o - 6*o. Is (-5802)/(3 - 6) + o/5 prime?
False
Let j(y) = -2*y**3 - 235*y**2 - 191*y + 557. Is j(-124) composite?
False
Suppose -5 = -3*t - 2*p - 2*p, -2*t + 9 = -3*p. Suppose 4*s - t*a - 2*a = -13, -5*s = -3*a + 13. Let m(b) = -56*b**3 - b**2 - b - 1. Is m(s) composite?
True
Suppose 0 = 2*n + 8, -l + 4*n + 23 = -0*n. Let h(j) = 3*j**3 + 2*j**2 - 31*j - 3. Is h(l) a composite number?
False
Let s = -114514 + 193353. Is s a composite number?
False
Let f be ((-34)/(-3) - -3)*(-1 + -2). Let l = f + 47. Suppose 3*w - 2704 = -l*t, 5*t - t + 4*w = 2708. Is t a composite number?
False
Let s(q) = 764*q - 115. Let f(n) = -3*n + 41. Let c be f(11). Is s(c) composite?
True
Suppose 63540 = -39*a + 45*a. Is (2/(-3))/((-10)/a) composite?
True
Let v(d) be the first derivative of 5*d**3/3 + 4*d**2 + 2*d + 18. Let x(i) = 2*i + 1. Let w be x(-5). Is v(w) a prime number?
False
Suppose 117*g - 369373 = 165*g - 3916429. Is g a prime number?
True
Let u(l) = -4*l**3 - 13*l**2 - 105*l - 191. Is u(-33) a composi